.
-19
Let a(d) = d**2 - 5*d - 4. Let i be a(6). Let l(j) = -7 + 8 - i*j**2 + 4*j**2. Calculate l(1).
3
Let k(s) be the second derivative of -s**3/2 - s**2 + 4*s. Let q be k(-2). Suppose o - q*o + x = -8, 4*o - 19 = 3*x. Let w(h) = -9*h - 1. Calculate w(o).
-10
Let u(r) = r + 3. Suppose 3*b - 12 = c, -5*b - c = 3*c - 3. What is u(b)?
6
Let q(l) = 8*l**2 - 4*l. Let r(n) = -8*n**2 + 3*n. Let h be (40/12)/(6/(-9)). Let w(u) = h*r(u) - 4*q(u). What is w(1)?
9
Let z(w) be the second derivative of w**5/20 + 5*w**4/6 + 3*w**3/2 + 2*w**2 - 6*w. Let d be z(-9). Let i(u) = 2*u**2 - 6*u + 3. Calculate i(d).
11
Let k(i) be the second derivative of i**4/6 + i**3 - 2*i**2 - 5*i. Determine k(-5).
16
Suppose 0 = y - 0*y. Let x(s) = -5*s + y*s**3 + 4*s + 4*s**3. Let p be ((-14)/(-21))/(2/(-3)). What is x(p)?
-3
Let w = 2 - 4. Let q = -1 - w. Let t be (-1)/1*(-2 - q). Let s(v) = v - 3. Give s(t).
0
Let l(t) = t**2 + 8*t + 5. Let d = 23 + -30. Calculate l(d).
-2
Let f(a) = -a**3 - 2 + 1 + 19*a - 20*a. Suppose 3*v + 4*d = -1, -3*v - v - 3*d = -8. Suppose -v*i = -4*b + 16, 2*i - i = b - 3. Determine f(b).
1
Let b(d) = -d**3 + 3*d**2 - d - 1. Let r(a) = -a**3 + 3*a**2 - 2. Let y(t) = 2*b(t) - 3*r(t). Calculate y(3).
-2
Let m = 26 + -26. Let g(v) be the second derivative of 3*v**2 + 1/6*v**3 - v - 5/12*v**4 - 1/20*v**5 + m. What is g(-5)?
1
Let t(i) be the third derivative of -i**5/60 + i**4/3 - i**3 + 20*i**2. Give t(5).
9
Let v(r) = 9*r - 20*r + 6*r + 6*r. Give v(6).
6
Let i(d) = 2*d**2 - 15*d + 19. Let o(q) = 3*q**2 - 23*q + 29. Let c(h) = 7*i(h) - 5*o(h). Let z be c(8). Let l(t) = t - 2*t + 1 + z*t + 0*t. What is l(-1)?
-2
Suppose 0*w = -4*w, 2*y - 3*w - 16 = 0. Let t(o) = -o**2 + 6*o + 8. What is t(y)?
-8
Let k be -4 - (-1)/(-2)*2. Let x(z) be the second derivative of z**4/12 + 7*z**3/6 + z**2/2 - 22*z. Give x(k).
-9
Let h(j) be the first derivative of -j**2 + 5*j - 17. Give h(4).
-3
Let g(x) = -7*x - 12. Let v(h) = 11*h + 6. Let n(w) = -10*w - 7. Let k(z) = 5*n(z) + 4*v(z). Let r(y) = 5*g(y) - 6*k(y). Give r(-6).
0
Let h(r) be the first derivative of -3*r + 1/3*r**3 + 1 + 1/2*r**2. Suppose -14*x = -2*x. Give h(x).
-3
Suppose 2*x = -n + 3 + 11, 4*n - 21 = -x. Suppose x*y = 6 + 14. Let g(s) = 2*s**2 - 4*s - 3. What is g(y)?
13
Let r(w) = 3*w**2 + 20*w + 11. Let c(n) = n**2 + 7*n + 4. Let g(o) = 11*c(o) - 4*r(o). Suppose 14 = -5*f + 3*f. Let p = 3 + f. What is g(p)?
-4
Let f(m) = -5 + 5 + 5*m - 2*m + 5. Let v(c) = 3*c + 4. Let j(k) = 2*f(k) - 3*v(k). Suppose 3*d + 4 = d. What is j(d)?
4
Let o be (2 + -1)*(3 + -5). Let a = 1 - o. Let l(z) be the first derivative of -3*z**2/2 + 3*z + 1. What is l(a)?
-6
Let c(j) = j**2 + 10*j + 11. Let i be c(-9). Let f(z) = 0 + 10*z**i + 4 + 5*z - 9*z**2. Give f(-4).
0
Let c(p) = p**2 - 6*p + 1. Suppose -3*u = -0*u. Let f(b) = u + 2*b + 5*b**3 - 4*b**3 - 6*b**2 - 6. Let v be f(6). Give c(v).
1
Let m = -5 + 2. Let s(r) = -16*r**3 - 10*r**2 + 5*r + 26. Suppose -d - 3*d = 8. Let i(b) = -3*b**3 - 2*b**2 + b + 5. Let h(z) = d*s(z) + 11*i(z). Give h(m).
9
Let d(y) be the second derivative of y**5/20 - 5*y**4/12 + 2*y**3/3 + y**2 + 31*y. Calculate d(4).
2
Let i be 3/2 + (-2)/(-4). Let n(p) = p + p - 3*p**2 + 4*p + 2*p**i. What is n(5)?
5
Let v be (-1)/4 + (-114)/24. Let f(j) = -2*j**2 - 4 - 4*j**2 - 6*j - j - j**3 + 5. Calculate f(v).
11
Suppose 0 = -2*w + 8 - 4. Suppose 0 = o + w*l - 1, -l + 3 = 2*o + o. Let t(j) = -j**3 + j. Give t(o).
0
Let z(l) = 2*l**3 + l**2 + l - 7. Let y be z(0). Let d(v) = v**3 + 8*v**2 + 6*v - 4. What is d(y)?
3
Let k(r) be the first derivative of -r**4/4 - 7*r**3/3 + 3*r**2 + r + 1. Let j(z) = -2*z**3 - 13*z**2 + 11*z + 2. Let n(y) = 6*j(y) - 11*k(y). Give n(1).
-1
Suppose 7*v - 23 = 3*v - 3*z, -5*v + 2*z = 0. Let k(w) = 10*w + 2. Determine k(v).
22
Let f(c) = -c**2 - c**2 + 3*c**2 + 6*c + 1 - 2. Determine f(-6).
-1
Let r be (-2)/(-11) - 10/55. Let m(h) = -2*h**3 - 4*h**3 + r + h**2 - 1. Calculate m(1).
-6
Suppose -j - 1 = -2. Let y(h) = -h. Let m(q) = -2*q + 1. Let n(r) = -m(r) + 3*y(r). Let b(i) = 16*i + 18. Let a(o) = 2*b(o) + 36*n(o). What is a(j)?
-4
Let u be 3/(-15)*-5 - -4. Let x(z) = z**3 - 6*z**2 + 5*z - 2. Give x(u).
-2
Let a(k) be the third derivative of 0*k + 1/180*k**6 + 1/6*k**4 - 1/60*k**5 + 0*k**3 + 0 - 3*k**2. Let w(d) be the second derivative of a(d). Determine w(2).
6
Let r(o) be the second derivative of -19*o**5/20 - o**4/12 - o**3/6 - o**2/2 - 34*o. What is r(-1)?
18
Let v(h) = -h**3 + h**2 + h + 1. Let n(x) = 0*x**2 + 6*x**2 + x - 4*x**2 - x**3 + 1. Let j(c) = 2*n(c) - 3*v(c). Give j(-2).
-3
Let y(z) = -4*z - 5. Let d(a) be the third derivative of -3*a**4/8 - 11*a**3/6 + a**2. Let h(u) = -6*d(u) + 13*y(u). Determine h(-2).
-3
Let i(p) = p - 4. Let q be 1*(2 - 8)*-1. Let o be i(q). Let w be (5 + -7)*(-4)/o. Let n(a) = a**3 - 4*a**2 - a - 2. Determine n(w).
-6
Let i(p) = -p**2 - 7*p + 8. Let h be i(-8). Suppose h = 3*w - 4*w + 3. Let q(y) = -4*y - 1 + 3*y + 0. What is q(w)?
-4
Let v(q) = -2*q + 2. Let m(t) = -t**3 + 7*t**2 + 8*t + 3. Let a be m(8). Suppose -a - 5 = 4*x. Determine v(x).
6
Let l be 0 + -4 + 0 + 0. Let w(k) = k**2 - 4*k + 4. Let j be w(3). Let m(u) = 5*u + u - j + 2 - u**3 + 3 - 3*u**2. Give m(l).
-4
Let c(m) be the third derivative of m**4/24 + 5*m**3/3 - 26*m**2. Determine c(-6).
4
Let j(p) = p - 5. Let f be j(7). Let g(m) = -m - 4. Let o(d) = 4*d + 17. Let z(y) = -9*g(y) - 2*o(y). Give z(f).
4
Let f(k) = -5 + 2 + 0 - 2 - k. Let m = -5 + -1. Determine f(m).
1
Let h(v) = -3*v - 1. Let l(b) = b**2 + 0 + 0 + 20*b + 7 - 26*b. Let p be l(5). Calculate h(p).
-7
Let n(d) = -d**3 + d**2 + d + 1. Let t be n(-1). Let v(z) be the first derivative of z**2/2 + 2. Let h(k) = -8*k + 2. Let s(u) = -h(u) - 6*v(u). Give s(t).
2
Suppose 3*w + l + 24 = -1, w + 3*l = -11. Let p(y) = y**2 + 9*y + 7. Determine p(w).
-1
Suppose -3*p = -15 - 3. Let w(m) = -6 - m + p. Give w(3).
-3
Let k(t) = 10 - 5 - 10 - 5*t. Calculate k(6).
-35
Suppose 5*j + 3 = 3*i, 4*j - i + 0*i = -1. Suppose 6 = 3*d - j. Let k(q) = -5*q**3 + 2*q**d - 2*q**3 + 0*q - q. Determine k(1).
-6
Let j(w) = w**2. Let o(g) = -g**3 + g**2 + 6*g + 2. Let m(h) = -4*j(h) - o(h). Determine m(6).
-2
Let w(m) = -15 + 4*m + 0 + 9 + 2 - m**2. Let h be 28/6 + (-6)/9. Let a = h + -1. What is w(a)?
-1
Let c(u) = -6 + u**2 + 17023*u - 17023*u. Determine c(-3).
3
Let n(z) = -z. Let d(r) = r**2 - r + 7. Let t(f) = d(f) - 2*n(f). Calculate t(0).
7
Let t(v) = -v**2 - 5*v. Suppose -11*c + 27 = 82. What is t(c)?
0
Let f(x) = -2*x**2 + 3*x**2 + x + 4*x**2. Let s(p) = 6*p**2 + 0*p**2 + 2*p - p. Let r(o) = -7*f(o) + 6*s(o). Give r(2).
2
Let l(x) be the first derivative of 1/20*x**5 + 5/24*x**4 - 2/3*x**3 + 0*x - 1 + 1/360*x**6 + 0*x**2. Let z(m) be the third derivative of l(m). What is z(-5)?
0
Let q(m) = 3*m - 5. Let x be 4/12*(15 + -3). What is q(x)?
7
Let l(c) = -3*c**2 - 7*c - 11. Let v(w) be the second derivative of w**4/6 + 2*w**3/3 + 3*w**2 + 6*w. Let g(z) = -3*l(z) - 5*v(z). Give g(3).
-3
Let z(s) = 2*s - 1 + 6*s - 11*s - s**2. What is z(-3)?
-1
Suppose -2*s - 42 + 50 = 0. Let i(j) = j - 3. Calculate i(s).
1
Suppose 0 = -3*a - 4*j - 2, -a = -3*a - 2*j. Let r(x) be the first derivative of -1/3*x**3 - a*x**2 - 2*x - 2. Give r(-4).
-2
Let a be -2 + 0/(-2) - -6. Let o be 18/5 - a/(-10). Let t(x) be the second derivative of -x**5/20 + x**4/4 + x**3/2 + x**2 - x. What is t(o)?
-2
Let c(n) = n - 7. Let r(s) = -2*s + 20. Let q(h) = -8*c(h) - 3*r(h). Determine q(6).
-16
Let n(p) = 7*p - 4. Let s(o) = 1. Let f(q) = -n(q) - 2*s(q). Suppose 21*r - 17*r + 12 = -4*t, t = -5. Calculate f(r).
-12
Let z(d) = 6*d - 193 + 4*d**2 + 192 - 5*d**2 - d**2. Suppose 2*k + 12 = 5*k + 5*y, 4*k = -3*y + 16. What is z(k)?
-9
Suppose -5*a + 2*d - 35 = 3*d, 3*d - 7 = -a. Let q be (-14)/a - 3/(-12). Let w(i) be the second derivative of 5*i**3/6 - 3*i**2/2 - 9*i. Give w(q).
7
Let s = -5 - 0. Let r = -7 - s. Let x(o) = 2*o**3 + 4*o**2 + 3*o + 2. Give x(r).
-4
Let j(i) be the first derivative of -i**3/3 + 3*i**2/2 + 2*i - 3. What is j(4)?
-2
Suppose -20 = d - 0*d - 4*a, 5*a = 2*d + 28. Let u(t) = 3*t - 2. What is u(d)?
-14
Let t be 2/(-3) + (-190)/(-15). Suppose 5*b = -5*o, 2*o - 4*b - 30 = -0*b. Suppose d = o*d - t. Let c(j) = j + 1. What is c(d)?
4
Let b(x) be the first derivative 